{"id":338,"date":"2019-12-31T22:15:02","date_gmt":"2019-12-31T22:15:02","guid":{"rendered":"http:\/\/birdhouse.familjenstarck.se\/?page_id=338"},"modified":"2020-05-20T10:23:00","modified_gmt":"2020-05-20T10:23:00","slug":"2019-2","status":"publish","type":"page","link":"https:\/\/birdhouse.familjenstarck.se\/?page_id=338","title":{"rendered":"2019"},"content":{"rendered":"<ul>\r\n<li>M\u00e5lade om och ordnade till i kl\u00e4dkammaren<\/li>\r\n<li>Satte hjul p\u00e5 odlingsl\u00e5dorna (mindre lyckat)<\/li>\r\n<li>Gav bort alla koikarp<\/li>\r\n<li>Gr\u00e4vde ut tr\u00e4dg\u00e5rdsg\u00e5ngen p\u00e5 tomten, ordnade med sektioner och trappor<\/li>\r\n<li>Drog el-r\u00f6r f\u00f6r ny utebelysning l\u00e4ngs tr\u00e4dg\u00e5rdsg\u00e5ngarna<\/li>\r\n<li>Tre nya rabatter gr\u00e4vdes, L-formade blev kvartscirklar och vid f\u00e5gelbordet gr\u00e4vdes en halvcirkel<\/li>\r\n<li>Flyttade om alla blommor i L-rabatterna<\/li>\r\n<li>Planterade bl.a. Vildkaprifol i nya kvartscirkelrabtterna<\/li>\r\n<li>Alla odlingsl\u00e5dor flyttades till sydv\u00e4stra v\u00e4ggen<\/li>\r\n<li>Planterade tre sorter bl\u00e5b\u00e4rstry<\/li>\r\n<li>La sten p\u00e5 alla g\u00e5ngar och i de nya trapporna.<\/li>\r\n<li>K\u00f6pte \u00e4ven vindruva, bj\u00f6rnb\u00e4r samt jostasb\u00e4r p\u00e5 stam.<\/li>\r\n<li>Gj\u00f6t plintar f\u00f6r ny altan nere vid stugan<\/li>\r\n<\/ul>\r\n","protected":false},"excerpt":{"rendered":"<p>M\u00e5lade om och ordnade till i kl\u00e4dkammaren Satte hjul p\u00e5 odlingsl\u00e5dorna (mindre lyckat) Gav bort alla koikarp Gr\u00e4vde ut tr\u00e4dg\u00e5rdsg\u00e5ngen p\u00e5 tomten, ordnade med sektioner och trappor Drog el-r\u00f6r f\u00f6r ny utebelysning l\u00e4ngs tr\u00e4dg\u00e5rdsg\u00e5ngarna Tre nya rabatter gr\u00e4vdes, L-formade blev kvartscirklar och vid f\u00e5gelbordet gr\u00e4vdes en halvcirkel Flyttade om alla blommor i L-rabatterna Planterade bl.a. [&hellip;]<\/p>\n","protected":false},"author":1,"featured_media":0,"parent":0,"menu_order":0,"comment_status":"closed","ping_status":"closed","template":"","meta":{"footnotes":""},"class_list":["post-338","page","type-page","status-publish","hentry","post-preview"],"_links":{"self":[{"href":"https:\/\/birdhouse.familjenstarck.se\/index.php?rest_route=\/wp\/v2\/pages\/338","targetHints":{"allow":["GET"]}}],"collection":[{"href":"https:\/\/birdhouse.familjenstarck.se\/index.php?rest_route=\/wp\/v2\/pages"}],"about":[{"href":"https:\/\/birdhouse.familjenstarck.se\/index.php?rest_route=\/wp\/v2\/types\/page"}],"author":[{"embeddable":true,"href":"https:\/\/birdhouse.familjenstarck.se\/index.php?rest_route=\/wp\/v2\/users\/1"}],"replies":[{"embeddable":true,"href":"https:\/\/birdhouse.familjenstarck.se\/index.php?rest_route=%2Fwp%2Fv2%2Fcomments&post=338"}],"version-history":[{"count":3,"href":"https:\/\/birdhouse.familjenstarck.se\/index.php?rest_route=\/wp\/v2\/pages\/338\/revisions"}],"predecessor-version":[{"id":487,"href":"https:\/\/birdhouse.familjenstarck.se\/index.php?rest_route=\/wp\/v2\/pages\/338\/revisions\/487"}],"wp:attachment":[{"href":"https:\/\/birdhouse.familjenstarck.se\/index.php?rest_route=%2Fwp%2Fv2%2Fmedia&parent=338"}],"curies":[{"name":"wp","href":"https:\/\/api.w.org\/{rel}","templated":true}]}}