{"id":287,"date":"2018-03-14T20:31:48","date_gmt":"2018-03-14T20:31:48","guid":{"rendered":"http:\/\/birdhouse.familjenstarck.se\/?page_id=287"},"modified":"2018-03-14T20:49:59","modified_gmt":"2018-03-14T20:49:59","slug":"2017-2","status":"publish","type":"page","link":"https:\/\/birdhouse.familjenstarck.se\/?page_id=287","title":{"rendered":"2017"},"content":{"rendered":"<ul>\n<li>Nytt staket p\u00e5 altanen runt poolen<\/li>\n<li>Nytt staket som inh\u00e4ngnar odlingsdelen nedanf\u00f6r altanen<\/li>\n<li>Uppfarten, r\u00e4tat upp den, byggt upp en st\u00f6dmur l\u00e4ngst ner ut mot v\u00e4gen och lagt p\u00e5 ett lager stenmj\u00f6l<\/li>\n<li>Tagit bort varmvattenberedaren i stugan<\/li>\n<li>Rengjorde baksidan av altanen och oljade in den en g\u00e5ng<\/li>\n<li>En liten damm inne i odlingsdelen<\/li>\n<li>Arrangerade pallkragar inne i odlingsdelen<\/li>\n<li>Arrangerade tv\u00e5 av de uppgr\u00e4vda stenarna fr\u00e5n poolen och gj\u00f6t grund f\u00f6r och satte upp f\u00e5gelmatare.<\/li>\n<li>Planterade tre nya rosor, en nedanf\u00f6r muren, en utanf\u00f6r odlingsdelen och en vid f\u00e5gelmataren<\/li>\n<li>M\u00e5lade om stugans ytterv\u00e4ggar<\/li>\n<li>Byggde en till spalj\u00e9 till bloml\u00e5dorna<\/li>\n<li>Fixade rabattkanter runt tr\u00e4den med Garden Edge<\/li>\n<li>Flyttade avfuktaren i krypgrunden, fr\u00e5n tv\u00e4ttstugan till badrummet<\/li>\n<\/ul>\n","protected":false},"excerpt":{"rendered":"<p>Nytt staket p\u00e5 altanen runt poolen Nytt staket som inh\u00e4ngnar odlingsdelen nedanf\u00f6r altanen Uppfarten, r\u00e4tat upp den, byggt upp en st\u00f6dmur l\u00e4ngst ner ut mot v\u00e4gen och lagt p\u00e5 ett lager stenmj\u00f6l Tagit bort varmvattenberedaren i stugan Rengjorde baksidan av altanen och oljade in den en g\u00e5ng En liten damm inne i odlingsdelen Arrangerade pallkragar [&hellip;]<\/p>\n","protected":false},"author":1,"featured_media":0,"parent":0,"menu_order":0,"comment_status":"closed","ping_status":"closed","template":"","meta":{"footnotes":""},"class_list":["post-287","page","type-page","status-publish","hentry","post-preview"],"_links":{"self":[{"href":"https:\/\/birdhouse.familjenstarck.se\/index.php?rest_route=\/wp\/v2\/pages\/287","targetHints":{"allow":["GET"]}}],"collection":[{"href":"https:\/\/birdhouse.familjenstarck.se\/index.php?rest_route=\/wp\/v2\/pages"}],"about":[{"href":"https:\/\/birdhouse.familjenstarck.se\/index.php?rest_route=\/wp\/v2\/types\/page"}],"author":[{"embeddable":true,"href":"https:\/\/birdhouse.familjenstarck.se\/index.php?rest_route=\/wp\/v2\/users\/1"}],"replies":[{"embeddable":true,"href":"https:\/\/birdhouse.familjenstarck.se\/index.php?rest_route=%2Fwp%2Fv2%2Fcomments&post=287"}],"version-history":[{"count":4,"href":"https:\/\/birdhouse.familjenstarck.se\/index.php?rest_route=\/wp\/v2\/pages\/287\/revisions"}],"predecessor-version":[{"id":292,"href":"https:\/\/birdhouse.familjenstarck.se\/index.php?rest_route=\/wp\/v2\/pages\/287\/revisions\/292"}],"wp:attachment":[{"href":"https:\/\/birdhouse.familjenstarck.se\/index.php?rest_route=%2Fwp%2Fv2%2Fmedia&parent=287"}],"curies":[{"name":"wp","href":"https:\/\/api.w.org\/{rel}","templated":true}]}}