{"id":151,"date":"2015-12-31T21:20:40","date_gmt":"2015-12-31T21:20:40","guid":{"rendered":"http:\/\/birdhouse.familjenstarck.se\/?page_id=151"},"modified":"2017-04-17T09:33:54","modified_gmt":"2017-04-17T09:33:54","slug":"2015-2","status":"publish","type":"page","link":"https:\/\/birdhouse.familjenstarck.se\/?page_id=151","title":{"rendered":"2015"},"content":{"rendered":"<ul>\n<li>Stugan fick nytt yttertak<\/li>\n<li>Gr\u00e4vde fyra rabatter<\/li>\n<li>Snickrade tre bloml\u00e5dor<\/li>\n<li>Fyllde ut gr\u00e4smattan mot muren<\/li>\n<li>Tog ner resten av Hasseln<\/li>\n<li>Byggde om trappan till kallf\u00f6rr\u00e5det och byggde en liten altan till<\/li>\n<li>Byggde tak p\u00e5 baksidan av kallf\u00f6rr\u00e5det<\/li>\n<li>Planterat p\u00e4rontr\u00e4d<\/li>\n<li>\u00d6ppnat upp under altanen<\/li>\n<li>Planterat\n<ul>\n<li>Kaprifol<\/li>\n<li>Kl\u00e4tterhortensia<\/li>\n<li>Hallon<\/li>\n<li>Krusb\u00e4r<\/li>\n<li>Bl\u00e5regn<\/li>\n<li>Rabarber<\/li>\n<li>Gr\u00e4s<\/li>\n<\/ul>\n<\/li>\n<li>Flyttat\n<ul>\n<li>Rosenbuskarna<\/li>\n<li>Schersminbuskarna<\/li>\n<\/ul>\n<\/li>\n<li>Satt upp markiser<\/li>\n<li>Stugan fick nytt innertak<\/li>\n<li>Flyttade en v\u00e4gg i stugan och gjorde ett f\u00f6rr\u00e5d i ett av rummen<\/li>\n<\/ul>\n","protected":false},"excerpt":{"rendered":"<p>Stugan fick nytt yttertak Gr\u00e4vde fyra rabatter Snickrade tre bloml\u00e5dor Fyllde ut gr\u00e4smattan mot muren Tog ner resten av Hasseln Byggde om trappan till kallf\u00f6rr\u00e5det och byggde en liten altan till Byggde tak p\u00e5 baksidan av kallf\u00f6rr\u00e5det Planterat p\u00e4rontr\u00e4d \u00d6ppnat upp under altanen Planterat Kaprifol Kl\u00e4tterhortensia Hallon Krusb\u00e4r Bl\u00e5regn Rabarber Gr\u00e4s Flyttat Rosenbuskarna Schersminbuskarna Satt [&hellip;]<\/p>\n","protected":false},"author":1,"featured_media":0,"parent":0,"menu_order":0,"comment_status":"closed","ping_status":"closed","template":"","meta":{"footnotes":""},"class_list":["post-151","page","type-page","status-publish","hentry","post-preview"],"_links":{"self":[{"href":"https:\/\/birdhouse.familjenstarck.se\/index.php?rest_route=\/wp\/v2\/pages\/151","targetHints":{"allow":["GET"]}}],"collection":[{"href":"https:\/\/birdhouse.familjenstarck.se\/index.php?rest_route=\/wp\/v2\/pages"}],"about":[{"href":"https:\/\/birdhouse.familjenstarck.se\/index.php?rest_route=\/wp\/v2\/types\/page"}],"author":[{"embeddable":true,"href":"https:\/\/birdhouse.familjenstarck.se\/index.php?rest_route=\/wp\/v2\/users\/1"}],"replies":[{"embeddable":true,"href":"https:\/\/birdhouse.familjenstarck.se\/index.php?rest_route=%2Fwp%2Fv2%2Fcomments&post=151"}],"version-history":[{"count":1,"href":"https:\/\/birdhouse.familjenstarck.se\/index.php?rest_route=\/wp\/v2\/pages\/151\/revisions"}],"predecessor-version":[{"id":152,"href":"https:\/\/birdhouse.familjenstarck.se\/index.php?rest_route=\/wp\/v2\/pages\/151\/revisions\/152"}],"wp:attachment":[{"href":"https:\/\/birdhouse.familjenstarck.se\/index.php?rest_route=%2Fwp%2Fv2%2Fmedia&parent=151"}],"curies":[{"name":"wp","href":"https:\/\/api.w.org\/{rel}","templated":true}]}}